{"id":3267,"date":"2021-10-02T11:33:47","date_gmt":"2021-10-02T09:33:47","guid":{"rendered":"https:\/\/digital4d.net\/masterspray\/?post_type=product&#038;p=3267"},"modified":"2021-10-15T15:42:10","modified_gmt":"2021-10-15T13:42:10","slug":"gold-11000","status":"publish","type":"product","link":"https:\/\/digital4d.net\/masterspray\/prodotto\/gold-11000\/?lang=fr","title":{"rendered":"GOLD 11000"},"content":{"rendered":"<p><span class=\"JLqJ4b ChMk0b\" data-language-for-alternatives=\"fr\" data-language-to-translate-into=\"it\" data-phrase-index=\"0\">GOLD 11000 est un \u00e9quipement airless \u00e9lectrique \u00e0 membrane.<\/span> <span class=\"JLqJ4b ChMk0b\" data-language-for-alternatives=\"fr\" data-language-to-translate-into=\"it\" data-phrase-index=\"1\">Les pi\u00e8ces en contact avec la mati\u00e8re sont en acier inoxydable et carbure de tungst\u00e8ne pour assurer une fiabilit\u00e9 maximale.<\/span><\/p>\n<p><span class=\"JLqJ4b ChMk0b\" data-language-for-alternatives=\"fr\" data-language-to-translate-into=\"it\" data-phrase-index=\"3\">Le moteur \u00e9lectrique de la GOLD 11000 est en classe H, c&#8217;est-\u00e0-dire : qualit\u00e9 et s\u00e9curit\u00e9.<\/span> <span class=\"JLqJ4b ChMk0b\" data-language-for-alternatives=\"fr\" data-language-to-translate-into=\"it\" data-phrase-index=\"4\">Il peut fonctionner m\u00eame dans des conditions difficiles et avec des temp\u00e9ratures ambiantes \u00e9lev\u00e9es.<\/span> <span class=\"JLqJ4b ChMk0b\" data-language-for-alternatives=\"fr\" data-language-to-translate-into=\"it\" data-phrase-index=\"5\">Un syst\u00e8me automatique coupe l&#8217;alimentation lorsque les limites de s\u00e9curit\u00e9 \u00e9lectrique sont sur le point d&#8217;\u00eatre d\u00e9pass\u00e9es.<\/span><\/p>\n<p><span class=\"JLqJ4b ChMk0b\" data-language-for-alternatives=\"fr\" data-language-to-translate-into=\"it\" data-phrase-index=\"7\">La configuration standard de l&#8217;\u00e9quipement comprend:<\/span><\/p>\n<ul>\n<li>Tuyaux HP dia. 3\/8&#8243; &#8211; mt. 10<\/li>\n<li><span class=\"JLqJ4b ChMk0b\" data-language-for-alternatives=\"fr\" data-language-to-translate-into=\"it\" data-phrase-index=\"12\">Syst\u00e8me d&#8217;aspiration<\/span><\/li>\n<li>Pistolet Airless<\/li>\n<li><span class=\"JLqJ4b ChMk0b\" data-language-for-alternatives=\"fr\" data-language-to-translate-into=\"it\" data-phrase-index=\"16\">Buse autonettoyante cpl.<\/span><\/li>\n<\/ul>\n<h3>Applications<\/h3>\n<p>Acrylique, antirouille, bitumineux, \u00e9mulsions, fixateurs, appr\u00eats, peintures \u00e0 l&#8217;eau, agents d&#8217;impr\u00e9gnation, laques, appr\u00eats, \u00e9maux, vernis, etc.<\/p>\n<h3>Champs d&#8217;application<\/h3>\n<p><span class=\"JLqJ4b ChMk0b\" data-language-for-alternatives=\"fr\" data-language-to-translate-into=\"it\" data-phrase-index=\"24\">Peinture int\u00e9rieure et ext\u00e9rieure \u2022 Pl\u00e2trerie \u2022 R\u00e9novation \u2022 Construction industrielle \u2022 Peinture<\/span><\/p>\n<p>&nbsp;<\/p>\n","protected":false},"excerpt":{"rendered":"<p><span class=\"VIiyi\" lang=\"fr\"><span class=\"JLqJ4b ChMk0b\" data-language-for-alternatives=\"fr\" data-language-to-translate-into=\"it\" data-phrase-index=\"0\">Il s&#8217;agit d&#8217;un \u00e9quipement \u00e9lectrique \u00e0 membrane airless haute performance capable de fonctionner avec des buses jusqu&#8217;\u00e0 0,052 \u201d.<\/span> <span class=\"JLqJ4b ChMk0b\" data-language-for-alternatives=\"fr\" data-language-to-translate-into=\"it\" data-phrase-index=\"1\">GOLD 11000 est la pompe id\u00e9ale pour les grandes entreprises de peinture qui doivent r\u00e9aliser des travaux importants : peinture de fa\u00e7ades de b\u00e2timents, silos, grandes constructions m\u00e9talliques, containers, construction navale etc&#8230;<\/span><\/span><\/p>\n","protected":false},"featured_media":3269,"template":"","meta":[],"product_brand":[],"product_cat":[465],"product_tag":[483],"class_list":{"0":"post-3267","1":"product","2":"type-product","3":"status-publish","4":"has-post-thumbnail","6":"product_cat-pompes-a-membrane-electriques","7":"product_tag-batiment","9":"first","10":"instock","11":"shipping-taxable","12":"product-type-simple"},"_links":{"self":[{"href":"https:\/\/digital4d.net\/masterspray\/wp-json\/wp\/v2\/product\/3267","targetHints":{"allow":["GET"]}}],"collection":[{"href":"https:\/\/digital4d.net\/masterspray\/wp-json\/wp\/v2\/product"}],"about":[{"href":"https:\/\/digital4d.net\/masterspray\/wp-json\/wp\/v2\/types\/product"}],"wp:featuredmedia":[{"embeddable":true,"href":"https:\/\/digital4d.net\/masterspray\/wp-json\/wp\/v2\/media\/3269"}],"wp:attachment":[{"href":"https:\/\/digital4d.net\/masterspray\/wp-json\/wp\/v2\/media?parent=3267"}],"wp:term":[{"taxonomy":"product_brand","embeddable":true,"href":"https:\/\/digital4d.net\/masterspray\/wp-json\/wp\/v2\/product_brand?post=3267"},{"taxonomy":"product_cat","embeddable":true,"href":"https:\/\/digital4d.net\/masterspray\/wp-json\/wp\/v2\/product_cat?post=3267"},{"taxonomy":"product_tag","embeddable":true,"href":"https:\/\/digital4d.net\/masterspray\/wp-json\/wp\/v2\/product_tag?post=3267"}],"curies":[{"name":"wp","href":"https:\/\/api.w.org\/{rel}","templated":true}]}}