{"id":3761,"date":"2021-05-28T11:30:48","date_gmt":"2021-05-28T09:30:48","guid":{"rendered":"https:\/\/digital4d.net\/masterspray\/prodotto\/m140-2\/"},"modified":"2022-10-06T12:10:16","modified_gmt":"2022-10-06T10:10:16","slug":"m140-2","status":"publish","type":"product","link":"https:\/\/digital4d.net\/masterspray\/prodotto\/m140-2\/?lang=fr","title":{"rendered":"M140"},"content":{"rendered":"<p>Il s&#8217;agit d&#8217;un pistolet aircombi professionnel robuste et maniable, test\u00e9 depuis des ann\u00e9es et reconnu par nos meilleurs clients pour fonctionner pendant longtemps. Une production rapide et une finition parfaite sont obtenues avec ce pistolet.<\/p>\n<h3>Performances<\/h3>\n<ul>\n<li>L\u00e9ger et facile \u00e0 manipuler, con\u00e7u pour fonctionner longtemps sans fatiguer l&#8217;op\u00e9rateur<\/li>\n<li>Rapidit\u00e9 de peinture et excellente finition<\/li>\n<li>Ce mod\u00e8le peut \u00eatre utilis\u00e9 avec tous les appareils et appareils \u00e9lectriques aircombi<\/li>\n<li>Pression de service maxi : 200 Bar<\/li>\n<li>Raccord inox 1\/4&#8243; ou 16&#215;1,5<\/li>\n<\/ul>\n<p>&nbsp;<\/p>\n<table style=\"width: 66.3125%; height: 92px;\">\n<tbody>\n<tr style=\"height: 23px;\">\n<td style=\"height: 23px; width: 18.7739%;\" width=\"79\"><strong>Ref.<\/strong><\/td>\n<td style=\"height: 23px; width: 79.6935%;\" width=\"349\"><strong>Description<\/strong><\/td>\n<\/tr>\n<tr style=\"height: 23px;\">\n<td style=\"height: 23px; width: 18.7739%;\" width=\"79\">M140SLXX<\/td>\n<td style=\"height: 23px; width: 79.6935%;\" width=\"349\">M140 Pistolet AirCombi &#8211; Standard &#8211; Porte-filtre<br \/>\n&#8220;L&#8221;<\/td>\n<\/tr>\n<tr style=\"height: 23px;\">\n<td style=\"height: 23px; width: 18.7739%;\" width=\"79\"><\/td>\n<td style=\"height: 23px; width: 79.6935%;\"><strong> compatible avec les buses Wagner<\/strong><\/td>\n<\/tr>\n<tr style=\"height: 23px;\">\n<td style=\"height: 23px; width: 18.7739%;\"><\/td>\n<td style=\"height: 23px; width: 79.6935%;\"><\/td>\n<\/tr>\n<\/tbody>\n","protected":false},"excerpt":{"rendered":"<div class=\"J0lOec\"><span class=\"VIiyi\" lang=\"fr\"><span class=\"JLqJ4b ChMk0b\"><span class=\"Q4iAWc\">Pistolets aircombi tr\u00e8s l\u00e9gers et maniables, test\u00e9s et approuv\u00e9s par nos clients dans le domaine du travail.<\/span><\/span> <span class=\"JLqJ4b ChMk0b\"><span class=\"Q4iAWc\">Ils sont con\u00e7us pour fonctionner longtemps sans probl\u00e8me.<\/span><\/span><\/span><\/div>\n","protected":false},"featured_media":6162,"template":"","meta":[],"product_brand":[],"product_cat":[453,445],"product_tag":[502],"class_list":{"0":"post-3761","1":"product","2":"type-product","3":"status-publish","4":"has-post-thumbnail","6":"product_cat-pistolet-aircombi","7":"product_cat-pistolets-de-pulverisation","8":"product_tag-pistolets","10":"first","11":"instock","12":"shipping-taxable","13":"product-type-simple"},"_links":{"self":[{"href":"https:\/\/digital4d.net\/masterspray\/wp-json\/wp\/v2\/product\/3761","targetHints":{"allow":["GET"]}}],"collection":[{"href":"https:\/\/digital4d.net\/masterspray\/wp-json\/wp\/v2\/product"}],"about":[{"href":"https:\/\/digital4d.net\/masterspray\/wp-json\/wp\/v2\/types\/product"}],"wp:featuredmedia":[{"embeddable":true,"href":"https:\/\/digital4d.net\/masterspray\/wp-json\/wp\/v2\/media\/6162"}],"wp:attachment":[{"href":"https:\/\/digital4d.net\/masterspray\/wp-json\/wp\/v2\/media?parent=3761"}],"wp:term":[{"taxonomy":"product_brand","embeddable":true,"href":"https:\/\/digital4d.net\/masterspray\/wp-json\/wp\/v2\/product_brand?post=3761"},{"taxonomy":"product_cat","embeddable":true,"href":"https:\/\/digital4d.net\/masterspray\/wp-json\/wp\/v2\/product_cat?post=3761"},{"taxonomy":"product_tag","embeddable":true,"href":"https:\/\/digital4d.net\/masterspray\/wp-json\/wp\/v2\/product_tag?post=3761"}],"curies":[{"name":"wp","href":"https:\/\/api.w.org\/{rel}","templated":true}]}}