{"id":5571,"date":"2019-01-29T15:43:11","date_gmt":"2019-01-29T14:43:11","guid":{"rendered":"https:\/\/digital4d.net\/masterspray\/prodotto\/iron-15000\/"},"modified":"2019-01-29T15:43:11","modified_gmt":"2019-01-29T14:43:11","slug":"iron-15000","status":"publish","type":"product","link":"https:\/\/digital4d.net\/masterspray\/prodotto\/iron-15000\/?lang=es","title":{"rendered":"IRON 15000"},"content":{"rendered":"<p>Es un dispositivo de pist\u00f3n hidr\u00e1ulico el\u00e9ctrico que funciona en airless. El equipo tiene un caudal libre de 4,5 ltr\/min, ideal para trabajos de pintura a pistola medianos y grandes.<\/p>\n<p>El motor el\u00e9ctrico que controla la bomba hidr\u00e1ulica es de clase H, es decir: m\u00e1xima calidad y seguridad. Puede funcionar incluso en condiciones adversas y con temperaturas ambiente elevadas. Un sistema autom\u00e1tico corta la alimentaci\u00f3n cuando est\u00e1n a punto de superarse los l\u00edmites de seguridad el\u00e9ctrica. Todas las partes en contacto con el producto son de acero inoxidable y carburo de tungsteno para garantizar una mayor seguridad.<\/p>\n<p>La configuraci\u00f3n del equipo est\u00e1ndar incluye:<\/p>\n<ul>\n<li> Di\u00e1metro del tubo HP. 3\/8&#8243; &#8211; mt. 10<\/li>\n<li> Pistola sin aire <\/li>\n<li> Boquilla autolimpiante completa <\/li>\n<\/ul>\n<h3> Aplicaciones <\/h3>\n<p>Acr\u00edlicos, antioxidantes, bituminosos, elast\u00f3meros, emulsiones, fijadores, imprimaciones, yesos, pinturas al agua, ign\u00edfugos, impermeabilizantes, impregnantes, encapsulantes, autonivelantes, premezclados, intumescentes, aislantes, lacas, imprimaciones, alisadores , resinas epoxi, masillas, masillas, pinturas, etc.<\/p>\n<h3> Campos de aplicaci\u00f3n <\/h3>\n<p>Blanqueado Interior y Exterior \u2022 Enlucidos \u2022 Rehabilitaci\u00f3n de Edificios \u2022 Construcci\u00f3n Industrial \u2022 Pintura<\/p>\n<p>&nbsp;<\/p>\n","protected":false},"excerpt":{"rendered":"<p>Es un equipo airless de pist\u00f3n hidr\u00e1ulico. Dise\u00f1ado para pulverizar todos los productos tixotr\u00f3picos en la construcci\u00f3n. Gracias a la aspiraci\u00f3n directa el equipo es capaz de pulverizar productos densos.<\/p>\n","protected":false},"featured_media":3694,"template":"","meta":[],"product_brand":[],"product_cat":[469],"product_tag":[480],"class_list":{"0":"post-5571","1":"product","2":"type-product","3":"status-publish","4":"has-post-thumbnail","6":"product_cat-bombas-airless-de-piston-hidraulico","7":"product_tag-construccion","9":"first","10":"instock","11":"shipping-taxable","12":"product-type-simple"},"_links":{"self":[{"href":"https:\/\/digital4d.net\/masterspray\/wp-json\/wp\/v2\/product\/5571","targetHints":{"allow":["GET"]}}],"collection":[{"href":"https:\/\/digital4d.net\/masterspray\/wp-json\/wp\/v2\/product"}],"about":[{"href":"https:\/\/digital4d.net\/masterspray\/wp-json\/wp\/v2\/types\/product"}],"wp:featuredmedia":[{"embeddable":true,"href":"https:\/\/digital4d.net\/masterspray\/wp-json\/wp\/v2\/media\/3694"}],"wp:attachment":[{"href":"https:\/\/digital4d.net\/masterspray\/wp-json\/wp\/v2\/media?parent=5571"}],"wp:term":[{"taxonomy":"product_brand","embeddable":true,"href":"https:\/\/digital4d.net\/masterspray\/wp-json\/wp\/v2\/product_brand?post=5571"},{"taxonomy":"product_cat","embeddable":true,"href":"https:\/\/digital4d.net\/masterspray\/wp-json\/wp\/v2\/product_cat?post=5571"},{"taxonomy":"product_tag","embeddable":true,"href":"https:\/\/digital4d.net\/masterspray\/wp-json\/wp\/v2\/product_tag?post=5571"}],"curies":[{"name":"wp","href":"https:\/\/api.w.org\/{rel}","templated":true}]}}