{"id":5823,"date":"2019-01-29T15:43:13","date_gmt":"2019-01-29T14:43:13","guid":{"rendered":"https:\/\/digital4d.net\/masterspray\/prodotto\/silver-48\/"},"modified":"2019-01-29T15:43:13","modified_gmt":"2019-01-29T14:43:13","slug":"silver-48","status":"publish","type":"product","link":"https:\/\/digital4d.net\/masterspray\/prodotto\/silver-48\/?lang=fr","title":{"rendered":"SILVER 48"},"content":{"rendered":"<p>Il s&#8217;agit d&#8217;un \u00e9quipement pneumatique airless \u00e0 piston bi-composant, id\u00e9al pour l&#8217;application de produits d&#8217;\u00e9tanch\u00e9it\u00e9 bitumineux.<br \/>\nCet \u00e9quipement de grande capacit\u00e9 peut \u00e9galement aspirer des produits \u00e9pais ou thixotropes. SILVER 48 a \u00e9t\u00e9 con\u00e7u pour les besoins des moyennes et grandes entreprises de construction qui doivent r\u00e9aliser des travaux importants.<\/p>\n<p>SILVER 48 dispose d&#8217;un moteur pneumatique \u00e0 inversion volum\u00e9trique rapide qui permet une tr\u00e8s faible perte de charge lors de l&#8217;inversion et le syst\u00e8me de r\u00e9glage simultan\u00e9 des jeux de joints. L&#8217;ajustement simultan\u00e9 des packs en fonction de l&#8217;usure permet une dur\u00e9e de vie plus longue et surtout un meilleur rendement du mat\u00e9riel. Le piston produit a un traitement au chrome dur et toutes les pi\u00e8ces en contact avec le produit en acier inoxydable et carbure de tungst\u00e8ne.<\/p>\n<h3> Applications <\/h3>\n<p>Acryliques, Bitumineux, Colorants, D\u00e9tergents et d\u00e9graissants, Agents de d\u00e9moulage, \u00c9mulsions, Fixatifs, Appr\u00eats, Peintures \u00e0 l&#8217;eau, Imperm\u00e9abilisants, Laques, Latex, Appr\u00eats, Produits anticorrosifs \u00e0 deux composants, Enduits, Retardateurs de flamme, Enduits de protection, Enduits de surface , \u00c9maux, Peintures \u00e0 l&#8217;eau et au solvant, Peintures \u00e9poxy, Peintures au silicate, Peintures \u00e0 un et deux composants, Peintures naturelles, Peintures polyur\u00e9thanes, Peintures textur\u00e9es, Galvanis\u00e9<\/p>\n<h3> Domaines d&#8217;application <\/h3>\n<p>Imperm\u00e9abilisation \u2022 Rev\u00eatements \u00e9poxy \u2022 Traitements de protection \u2022 Peinture anti-corrosion \u2022 Peintures<\/p>\n","protected":false},"excerpt":{"rendered":"<p>SILVER 48 est un \u00e9quipement airless \u00e0 piston pneumatique \u00e0 deux composants, id\u00e9al pour l&#8217;application d&#8217;\u00e9tanch\u00e9it\u00e9 bitumineuse.<\/p>\n<p><a href=\"https:\/\/www.youtube.com\/watch?v=eyUmgllwLGA\"><img decoding=\"async\" class=\"alignnone wp-image-5500\" src=\"https:\/\/digital4d.net\/masterspray\/wp-content\/uploads\/2019\/01\/R-300x211.jpg\" alt=\"\" width=\"60\" height=\"42\" srcset=\"https:\/\/digital4d.net\/masterspray\/wp-content\/uploads\/2019\/01\/R-300x211.jpg 300w, https:\/\/digital4d.net\/masterspray\/wp-content\/uploads\/2019\/01\/R-1024x719.jpg 1024w, https:\/\/digital4d.net\/masterspray\/wp-content\/uploads\/2019\/01\/R-768x539.jpg 768w, https:\/\/digital4d.net\/masterspray\/wp-content\/uploads\/2019\/01\/R-1536x1079.jpg 1536w, https:\/\/digital4d.net\/masterspray\/wp-content\/uploads\/2019\/01\/R-2048x1439.jpg 2048w, https:\/\/digital4d.net\/masterspray\/wp-content\/uploads\/2019\/01\/R-400x284.jpg 400w, https:\/\/digital4d.net\/masterspray\/wp-content\/uploads\/2019\/01\/R-1080x759.jpg 1080w, https:\/\/digital4d.net\/masterspray\/wp-content\/uploads\/2019\/01\/R-1280x899.jpg 1280w, https:\/\/digital4d.net\/masterspray\/wp-content\/uploads\/2019\/01\/R-980x688.jpg 980w, https:\/\/digital4d.net\/masterspray\/wp-content\/uploads\/2019\/01\/R-480x337.jpg 480w, https:\/\/digital4d.net\/masterspray\/wp-content\/uploads\/2019\/01\/R-24x17.jpg 24w, https:\/\/digital4d.net\/masterspray\/wp-content\/uploads\/2019\/01\/R-36x25.jpg 36w, https:\/\/digital4d.net\/masterspray\/wp-content\/uploads\/2019\/01\/R-48x34.jpg 48w, https:\/\/digital4d.net\/masterspray\/wp-content\/uploads\/2019\/01\/R-600x421.jpg 600w\" sizes=\"(max-width: 60px) 100vw, 60px\" \/><\/a><\/p>\n","protected":false},"featured_media":5812,"template":"","meta":[],"product_brand":[],"product_cat":[458],"product_tag":[483],"class_list":{"0":"post-5823","1":"product","2":"type-product","3":"status-publish","4":"has-post-thumbnail","6":"product_cat-appareil-bi-composant","7":"product_tag-batiment","9":"first","10":"instock","11":"shipping-taxable","12":"product-type-simple"},"_links":{"self":[{"href":"https:\/\/digital4d.net\/masterspray\/wp-json\/wp\/v2\/product\/5823","targetHints":{"allow":["GET"]}}],"collection":[{"href":"https:\/\/digital4d.net\/masterspray\/wp-json\/wp\/v2\/product"}],"about":[{"href":"https:\/\/digital4d.net\/masterspray\/wp-json\/wp\/v2\/types\/product"}],"wp:featuredmedia":[{"embeddable":true,"href":"https:\/\/digital4d.net\/masterspray\/wp-json\/wp\/v2\/media\/5812"}],"wp:attachment":[{"href":"https:\/\/digital4d.net\/masterspray\/wp-json\/wp\/v2\/media?parent=5823"}],"wp:term":[{"taxonomy":"product_brand","embeddable":true,"href":"https:\/\/digital4d.net\/masterspray\/wp-json\/wp\/v2\/product_brand?post=5823"},{"taxonomy":"product_cat","embeddable":true,"href":"https:\/\/digital4d.net\/masterspray\/wp-json\/wp\/v2\/product_cat?post=5823"},{"taxonomy":"product_tag","embeddable":true,"href":"https:\/\/digital4d.net\/masterspray\/wp-json\/wp\/v2\/product_tag?post=5823"}],"curies":[{"name":"wp","href":"https:\/\/api.w.org\/{rel}","templated":true}]}}