{"id":6136,"date":"2024-04-28T17:34:16","date_gmt":"2024-04-28T15:34:16","guid":{"rendered":"https:\/\/digital4d.net\/masterspray\/?post_type=product&#038;p=6136"},"modified":"2024-04-28T17:40:40","modified_gmt":"2024-04-28T15:40:40","slug":"gt4-0","status":"publish","type":"product","link":"https:\/\/digital4d.net\/masterspray\/prodotto\/gt4-0\/","title":{"rendered":"GT 4.0"},"content":{"rendered":"<p>E&#8217; un&#8217;apparecchiatura airless elettrica a membrana ideale per i piccoli e medi lavori di verniciatura a spruzzo. Leggera e maneggevole, si pu\u00f2 facilmente trasportare sul luogo di lavoro. La testata della pompa \u00e8 in alluminio trattato, la valvola in carburo di tungsteno per garantire qualit\u00e0 e durata dei componenti.<\/p>\n<p>Il set-up standard dell&#8217;apparecchiatura include:<\/p>\n<ul>\n<li>Tubo HP dia. 1\/4&#8243; &#8211; mt. 10<\/li>\n<li>Serbatoio a Gravit\u00e0<\/li>\n<li>Pistola Airless<\/li>\n<li>Ugello Autopulitore cpl.<\/li>\n<\/ul>\n<h3>Applicazioni<\/h3>\n<p>Acrilico, antiruggine, emulsioni, fissativi, fondi, idropitture, impregnanti, lacche, primer, smalti, vernici, ecc.<\/p>\n<h3>Campi d&#8217;applicazione<\/h3>\n<p>Imbiancature Interne ed Esterne \u2022 Intonacature \u2022 Ristrutturazioni \u2022 Costruzioni Industriali \u2022 Verniciatura di tetti \u2022 ecc.<\/p>\n<p>&nbsp;<\/p>\n","protected":false},"excerpt":{"rendered":"<p>E\u2019 un apparecchio di verniciatura airless a membrana progettato per le necessit\u00e0 delle piccole industrie e per l\u2019artigiano. Ideale per piccoli e medi lavori nell\u2019edilizia, per l\u2019applicazione di lacche, vernici, per la lucidatura dei mobili, per le carpenterie e le officine artigiane.<\/p>\n","protected":false},"featured_media":6142,"template":"","meta":[],"product_brand":[],"product_cat":[81],"product_tag":[69,73],"class_list":{"0":"post-6136","1":"product","2":"type-product","3":"status-publish","4":"has-post-thumbnail","6":"product_cat-pompe-elettriche-a-membrana","7":"product_tag-edilizia","8":"product_tag-iniezione","10":"first","11":"instock","12":"shipping-taxable","13":"product-type-simple"},"_links":{"self":[{"href":"https:\/\/digital4d.net\/masterspray\/wp-json\/wp\/v2\/product\/6136","targetHints":{"allow":["GET"]}}],"collection":[{"href":"https:\/\/digital4d.net\/masterspray\/wp-json\/wp\/v2\/product"}],"about":[{"href":"https:\/\/digital4d.net\/masterspray\/wp-json\/wp\/v2\/types\/product"}],"wp:featuredmedia":[{"embeddable":true,"href":"https:\/\/digital4d.net\/masterspray\/wp-json\/wp\/v2\/media\/6142"}],"wp:attachment":[{"href":"https:\/\/digital4d.net\/masterspray\/wp-json\/wp\/v2\/media?parent=6136"}],"wp:term":[{"taxonomy":"product_brand","embeddable":true,"href":"https:\/\/digital4d.net\/masterspray\/wp-json\/wp\/v2\/product_brand?post=6136"},{"taxonomy":"product_cat","embeddable":true,"href":"https:\/\/digital4d.net\/masterspray\/wp-json\/wp\/v2\/product_cat?post=6136"},{"taxonomy":"product_tag","embeddable":true,"href":"https:\/\/digital4d.net\/masterspray\/wp-json\/wp\/v2\/product_tag?post=6136"}],"curies":[{"name":"wp","href":"https:\/\/api.w.org\/{rel}","templated":true}]}}