{"id":6348,"date":"2025-02-12T09:22:02","date_gmt":"2025-02-12T08:22:02","guid":{"rendered":"https:\/\/digital4d.net\/masterspray\/?post_type=product&#038;p=6348"},"modified":"2025-02-12T09:32:02","modified_gmt":"2025-02-12T08:32:02","slug":"ep37-copia","status":"publish","type":"product","link":"https:\/\/digital4d.net\/masterspray\/prodotto\/ep37-copia\/?lang=fr","title":{"rendered":"EP45"},"content":{"rendered":"<h2>EP45 \u2013 Pompe Airless \u00c9lectrique \u00e0 Piston<\/h2>\n<p>La <strong>EP45<\/strong> est une <strong>pompe airless \u00e9lectrique \u00e0 piston<\/strong>, con\u00e7ue pour des travaux de grande envergure dans le secteur de la peinture par pulv\u00e9risation. Gr\u00e2ce \u00e0 sa puissance \u00e9lev\u00e9e et \u00e0 sa structure robuste (<strong>62 kg<\/strong>), elle offre d&#8217;excellentes performances pour les applications industrielles et de chantier.<\/p>\n<p>La <strong>EP45<\/strong> fonctionne avec une <strong>pression maximale de 230 bar<\/strong> et un d\u00e9bit allant jusqu&#8217;\u00e0 <strong>8,0 litres par minute<\/strong>, ce qui la rend id\u00e9ale pour l&#8217;application de mat\u00e9riaux \u00e0 haute viscosit\u00e9 et le rev\u00eatement de grandes surfaces avec rapidit\u00e9 et efficacit\u00e9.<\/p>\n<h3>Configuration standard de l&#8217;\u00e9quipement :<\/h3>\n<ul>\n<li>Tuyau HP 2 x \u00d8 1\/2&#8243; &#8211; 15 m &#8211; 1\/2&#8243; NPS<\/li>\n<li>Segment de tuyau 3\/8&#8243; &#8211; 3,5 m<\/li>\n<li>Pistolet airless 250 bar &#8211; bille 5 mm<\/li>\n<li>Buses 531 et 541 avec base de buse<\/li>\n<li>Accessoires : Tip-Clean et brosses de nettoyage<\/li>\n<\/ul>\n<h3>Applications<\/h3>\n<p>Acryliques, antirouille, \u00e9mulsions, fixateurs, sous-couches, peintures \u00e0 l&#8217;eau, lasures, laques, appr\u00eats, \u00e9maux, vernis, \u00e9lastom\u00e8res, imperm\u00e9abilisants, encapsulants, enduits et plus encore.<\/p>\n<h3>Domaines d&#8217;application<\/h3>\n<p>Peinture int\u00e9rieure et ext\u00e9rieure \u2022 Enduits \u2022 R\u00e9novations \u2022 Peinture de b\u00e2timents industriels \u2022 Structures m\u00e9talliques \u2022 Rev\u00eatements protecteurs \u2022 Entretien du b\u00e2timent \u2022 etc.<\/p>\n","protected":false},"excerpt":{"rendered":"<p>La <strong>EP45<\/strong> est une <strong>pompe airless \u00e9lectrique \u00e0 piston<\/strong>, con\u00e7ue pour des travaux de grande envergure dans le secteur de la peinture par pulv\u00e9risation. Gr\u00e2ce \u00e0 sa puissance \u00e9lev\u00e9e et \u00e0 sa structure robuste, elle offre d&#8217;excellentes performances pour les applications industrielles et de chantier.<\/p>\n","protected":false},"featured_media":6251,"template":"","meta":[],"product_brand":[],"product_cat":[584],"product_tag":[483],"class_list":{"0":"post-6348","1":"product","2":"type-product","3":"status-publish","4":"has-post-thumbnail","6":"product_cat-pompes-a-piston-electriques","7":"product_tag-batiment","9":"first","10":"instock","11":"shipping-taxable","12":"purchasable","13":"product-type-simple"},"_links":{"self":[{"href":"https:\/\/digital4d.net\/masterspray\/wp-json\/wp\/v2\/product\/6348","targetHints":{"allow":["GET"]}}],"collection":[{"href":"https:\/\/digital4d.net\/masterspray\/wp-json\/wp\/v2\/product"}],"about":[{"href":"https:\/\/digital4d.net\/masterspray\/wp-json\/wp\/v2\/types\/product"}],"wp:featuredmedia":[{"embeddable":true,"href":"https:\/\/digital4d.net\/masterspray\/wp-json\/wp\/v2\/media\/6251"}],"wp:attachment":[{"href":"https:\/\/digital4d.net\/masterspray\/wp-json\/wp\/v2\/media?parent=6348"}],"wp:term":[{"taxonomy":"product_brand","embeddable":true,"href":"https:\/\/digital4d.net\/masterspray\/wp-json\/wp\/v2\/product_brand?post=6348"},{"taxonomy":"product_cat","embeddable":true,"href":"https:\/\/digital4d.net\/masterspray\/wp-json\/wp\/v2\/product_cat?post=6348"},{"taxonomy":"product_tag","embeddable":true,"href":"https:\/\/digital4d.net\/masterspray\/wp-json\/wp\/v2\/product_tag?post=6348"}],"curies":[{"name":"wp","href":"https:\/\/api.w.org\/{rel}","templated":true}]}}